{"id":747,"date":"2025-03-21T06:04:30","date_gmt":"2025-03-21T06:04:30","guid":{"rendered":"https:\/\/apsoluti.com.co\/contents\/?page_id=747"},"modified":"2025-03-21T06:46:04","modified_gmt":"2025-03-21T06:46:04","slug":"cwqc","status":"publish","type":"page","link":"https:\/\/apsoluti.com.co\/contents\/cwqc\/","title":{"rendered":"cwqc"},"content":{"rendered":"\t\t<div data-elementor-type=\"wp-page\" data-elementor-id=\"747\" class=\"elementor elementor-747\">\n\t\t\t\t\t\t<section class=\"elementor-section elementor-top-section elementor-element elementor-element-8db0082 elementor-section-boxed elementor-section-height-default elementor-section-height-default\" data-id=\"8db0082\" data-element_type=\"section\">\n\t\t\t\t\t\t<div class=\"elementor-container elementor-column-gap-default\">\n\t\t\t\t\t<div class=\"elementor-column elementor-col-33 elementor-top-column elementor-element elementor-element-7970742\" data-id=\"7970742\" data-element_type=\"column\">\n\t\t\t<div class=\"elementor-widget-wrap\">\n\t\t\t\t\t\t\t<\/div>\n\t\t<\/div>\n\t\t\t\t<div class=\"elementor-column elementor-col-33 elementor-top-column elementor-element elementor-element-18309fd\" data-id=\"18309fd\" data-element_type=\"column\">\n\t\t\t<div class=\"elementor-widget-wrap elementor-element-populated\">\n\t\t\t\t\t\t<div class=\"elementor-element elementor-element-4bc7765 elementor-widget elementor-widget-heading\" data-id=\"4bc7765\" data-element_type=\"widget\" data-widget_type=\"heading.default\">\n\t\t\t\t<div class=\"elementor-widget-container\">\n\t\t\t\t\t<h2 class=\"elementor-heading-title elementor-size-default\">Optimiza la calidad con CWQC\/TQC<\/h2>\t\t\t\t<\/div>\n\t\t\t\t<\/div>\n\t\t\t\t\t<\/div>\n\t\t<\/div>\n\t\t\t\t<div class=\"elementor-column elementor-col-33 elementor-top-column elementor-element elementor-element-eeaa837\" data-id=\"eeaa837\" data-element_type=\"column\">\n\t\t\t<div class=\"elementor-widget-wrap\">\n\t\t\t\t\t\t\t<\/div>\n\t\t<\/div>\n\t\t\t\t\t<\/div>\n\t\t<\/section>\n\t\t\t\t<section class=\"elementor-section elementor-top-section elementor-element elementor-element-28ce56c elementor-section-content-middle elementor-section-boxed elementor-section-height-default elementor-section-height-default\" data-id=\"28ce56c\" data-element_type=\"section\" data-settings=\"{&quot;background_background&quot;:&quot;classic&quot;}\">\n\t\t\t\t\t\t<div class=\"elementor-container elementor-column-gap-default\">\n\t\t\t\t\t<div class=\"elementor-column elementor-col-50 elementor-top-column elementor-element elementor-element-80de205\" data-id=\"80de205\" data-element_type=\"column\">\n\t\t\t<div class=\"elementor-widget-wrap elementor-element-populated\">\n\t\t\t\t\t\t<div class=\"elementor-element elementor-element-4aaa3da elementor-widget elementor-widget-image\" data-id=\"4aaa3da\" data-element_type=\"widget\" data-widget_type=\"image.default\">\n\t\t\t\t<div class=\"elementor-widget-container\">\n\t\t\t\t\t\t\t\t\t\t\t\t\t\t\t<img decoding=\"async\" src=\"https:\/\/apsoluti.com.co\/contents\/wp-content\/uploads\/elementor\/thumbs\/avanzadosl-r369l332fshl51egrip83fug93q7mz0nl8s6w1gbxg.jpg\" title=\"avanzadosl\" alt=\"avanzadosl\" loading=\"lazy\" \/>\t\t\t\t\t\t\t\t\t\t\t\t\t\t\t<\/div>\n\t\t\t\t<\/div>\n\t\t\t\t\t<\/div>\n\t\t<\/div>\n\t\t\t\t<div class=\"elementor-column elementor-col-50 elementor-top-column elementor-element elementor-element-37c444c\" data-id=\"37c444c\" data-element_type=\"column\">\n\t\t\t<div class=\"elementor-widget-wrap elementor-element-populated\">\n\t\t\t\t\t\t<div class=\"elementor-element elementor-element-99af3bc elementor-widget elementor-widget-heading\" data-id=\"99af3bc\" data-element_type=\"widget\" data-widget_type=\"heading.default\">\n\t\t\t\t<div class=\"elementor-widget-container\">\n\t\t\t\t\t<h1 class=\"elementor-heading-title elementor-size-default\">M\u00e9todos de la escuela japonesa para la gesti\u00f3n de calidad<\/h1>\t\t\t\t<\/div>\n\t\t\t\t<\/div>\n\t\t\t\t<div class=\"elementor-element elementor-element-a4f8c21 elementor-widget-divider--view-line elementor-widget elementor-widget-divider\" data-id=\"a4f8c21\" data-element_type=\"widget\" data-widget_type=\"divider.default\">\n\t\t\t\t<div class=\"elementor-widget-container\">\n\t\t\t\t\t\t\t<div class=\"elementor-divider\">\n\t\t\t<span class=\"elementor-divider-separator\">\n\t\t\t\t\t\t<\/span>\n\t\t<\/div>\n\t\t\t\t\t\t<\/div>\n\t\t\t\t<\/div>\n\t\t\t\t<div class=\"elementor-element elementor-element-775efe9 elementor-widget__width-initial elementor-widget elementor-widget-text-editor\" data-id=\"775efe9\" data-element_type=\"widget\" data-widget_type=\"text-editor.default\">\n\t\t\t\t<div class=\"elementor-widget-container\">\n\t\t\t\t\t\t\t\t\t<p>En un mundo altamente competitivo, la calidad no es solo una ventaja, sino una necesidad. Con el Control de Calidad Total (CWQC\/TQC), basado en los principios de calidad japoneses de Ishikawa y Mizuno, tu empresa puede alcanzar nuevos niveles de eficiencia y excelencia operativa. Implementar estas metodolog\u00edas te permitir\u00e1 reducir defectos, optimizar procesos y fortalecer la cultura de mejora continua, asegurando productos y servicios con los m\u00e1s altos est\u00e1ndares.<\/p>\t\t\t\t\t\t\t\t<\/div>\n\t\t\t\t<\/div>\n\t\t\t\t\t<\/div>\n\t\t<\/div>\n\t\t\t\t\t<\/div>\n\t\t<\/section>\n\t\t<div class=\"elementor-element elementor-element-a543536 e-flex e-con-boxed e-con e-parent\" data-id=\"a543536\" data-element_type=\"container\">\n\t\t\t\t\t<div class=\"e-con-inner\">\n\t\t<div class=\"elementor-element elementor-element-5e79cc5 e-con-full e-flex e-con e-child\" data-id=\"5e79cc5\" data-element_type=\"container\">\n\t\t\t\t<\/div>\n\t\t<div class=\"elementor-element elementor-element-c5fbaa7 e-con-full e-flex e-con e-child\" data-id=\"c5fbaa7\" data-element_type=\"container\">\n\t\t\t\t<div class=\"elementor-element elementor-element-1530f85 elementor-widget elementor-widget-heading\" data-id=\"1530f85\" data-element_type=\"widget\" data-widget_type=\"heading.default\">\n\t\t\t\t<div class=\"elementor-widget-container\">\n\t\t\t\t\t<h2 class=\"elementor-heading-title elementor-size-default\">Beneficios<\/h2>\t\t\t\t<\/div>\n\t\t\t\t<\/div>\n\t\t\t\t<div class=\"elementor-element elementor-element-695b6ca elementor-widget elementor-widget-text-editor\" data-id=\"695b6ca\" data-element_type=\"widget\" data-widget_type=\"text-editor.default\">\n\t\t\t\t<div class=\"elementor-widget-container\">\n\t\t\t\t\t\t\t\t\tAplicar CWQC\/TQC en tu organizaci\u00f3n genera un impacto significativo en la calidad y productividad. La reducci\u00f3n de defectos y desperdicios permite minimizar errores, optimizar recursos y disminuir costos operativos. Al mejorar la eficiencia en los procesos, se logra una mayor productividad sin comprometer la calidad. <br><br>Adem\u00e1s, este enfoque fomenta una cultura organizacional basada en la mejora continua, promoviendo la innovaci\u00f3n y el trabajo en equipo. Como resultado, la satisfacci\u00f3n del cliente aumenta considerablemente, ya que los productos y servicios entregados cumplen y superan sus expectativas.\t\t\t\t\t\t\t\t<\/div>\n\t\t\t\t<\/div>\n\t\t\t\t<div class=\"elementor-element elementor-element-9d91965 elementor-widget elementor-widget-heading\" data-id=\"9d91965\" data-element_type=\"widget\" data-widget_type=\"heading.default\">\n\t\t\t\t<div class=\"elementor-widget-container\">\n\t\t\t\t\t<h2 class=\"elementor-heading-title elementor-size-default\">Metodolog\u00edas aplicadas<\/h2>\t\t\t\t<\/div>\n\t\t\t\t<\/div>\n\t\t\t\t<div class=\"elementor-element elementor-element-c7e07fe elementor-widget elementor-widget-text-editor\" data-id=\"c7e07fe\" data-element_type=\"widget\" data-widget_type=\"text-editor.default\">\n\t\t\t\t<div class=\"elementor-widget-container\">\n\t\t\t\t\t\t\t\t\tPara garantizar resultados \u00f3ptimos, utilizamos diversas metodolog\u00edas comprobadas. La postura estrat\u00e9gica de calidad, despliegue de pol\u00edticas de mejora de alto impacto, desarrollo de proyectos Kaizen en diferentes grados de complejidad, control aut\u00f3nomo de calidad en los sitios de trabajo (Gemba), todo esto, fomenta la participaci\u00f3n de los equipos en la identificaci\u00f3n y resoluci\u00f3n de problemas, promoviendo el trabajo colaborativo. <br><br>El ciclo PDCA (Plan-Do-Check-Act) permite una mejora continua estructurada, asegurando que cada proceso sea analizado y perfeccionado de manera constante. Tambi\u00e9n aplicamos el Despliegue de la Funci\u00f3n de Calidad (QFD), que traduce la voz del cliente en mejoras tangibles en productos y servicios. Adem\u00e1s, el An\u00e1lisis de Causa Ra\u00edz, utilizando herramientas como el diagrama de Ishikawa y los 5 porqu\u00e9s, m\u00e9todos estad\u00edsticos desde sencillos hasta avanzados,\u00a0 nos permite eliminar problemas desde su origen y evitar su recurrencia.\t\t\t\t\t\t\t\t<\/div>\n\t\t\t\t<\/div>\n\t\t\t\t<div class=\"elementor-element elementor-element-f095f89 elementor-widget elementor-widget-heading\" data-id=\"f095f89\" data-element_type=\"widget\" data-widget_type=\"heading.default\">\n\t\t\t\t<div class=\"elementor-widget-container\">\n\t\t\t\t\t<h2 class=\"elementor-heading-title elementor-size-default\">Estructura del proceso CWQC para la Excelencia Operativa<\/h2>\t\t\t\t<\/div>\n\t\t\t\t<\/div>\n\t\t\t\t<div class=\"elementor-element elementor-element-66cb0aa elementor-widget elementor-widget-text-editor\" data-id=\"66cb0aa\" data-element_type=\"widget\" data-widget_type=\"text-editor.default\">\n\t\t\t\t<div class=\"elementor-widget-container\">\n\t\t\t\t\t\t\t\t\t<p data-start=\"2913\" data-end=\"3325\">El proceso de <strong data-start=\"2927\" data-end=\"2958\">Total Quality Control (TQC)<\/strong> sigue una serie de fases estructuradas para lograr la excelencia operativa. Todo comienza con el <strong data-start=\"3056\" data-end=\"3085\">compromiso con la calidad<\/strong>, donde la direcci\u00f3n establece la visi\u00f3n y define los est\u00e1ndares que guiar\u00e1n la mejora continua. Luego, se desarrolla la <strong data-start=\"3206\" data-end=\"3246\">planificaci\u00f3n estrat\u00e9gica de calidad<\/strong>, integrando los objetivos de calidad en la estrategia general de la empresa.<\/p><p data-start=\"3327\" data-end=\"3712\">Una vez definidos los objetivos, se pasa a la <strong data-start=\"3373\" data-end=\"3418\">implementaci\u00f3n de herramientas de calidad<\/strong>. Metodolog\u00edas como PDCA, Ishikawa y QFD son esenciales para identificar problemas y proponer soluciones efectivas. Tras esto, se procede a la <strong data-start=\"3561\" data-end=\"3592\">estandarizaci\u00f3n de procesos<\/strong>, asegurando que las mejores pr\u00e1cticas se conviertan en normas internas y se mantenga la consistencia en la ejecuci\u00f3n.<\/p><p data-start=\"3714\" data-end=\"4091\">La <strong data-start=\"3717\" data-end=\"3765\">capacitaci\u00f3n y desarrollo del talento humano<\/strong> es una etapa crucial del proceso. Sin un equipo entrenado en metodolog\u00edas de calidad, la implementaci\u00f3n de TQC se vuelve dif\u00edcil de sostener en el tiempo. Finalmente, el ciclo se cierra con la <strong data-start=\"3959\" data-end=\"3989\">medici\u00f3n y mejora continua<\/strong>, donde se analizan indicadores de desempe\u00f1o y se ajustan estrategias para optimizar los resultados.<\/p><p data-start=\"4093\" data-end=\"4288\">Este modelo permite a las empresas reducir defectos, optimizar recursos y elevar la satisfacci\u00f3n del cliente, logrando un impacto positivo en la rentabilidad y el posicionamiento en el mercado.<\/p>\t\t\t\t\t\t\t\t<\/div>\n\t\t\t\t<\/div>\n\t\t\t\t<\/div>\n\t\t<div class=\"elementor-element elementor-element-3ee12b4 e-con-full e-flex e-con e-child\" data-id=\"3ee12b4\" data-element_type=\"container\">\n\t\t\t\t<\/div>\n\t\t\t\t\t<\/div>\n\t\t\t\t<\/div>\n\t\t<div class=\"elementor-element elementor-element-701ce7e e-flex e-con-boxed e-con e-parent\" data-id=\"701ce7e\" data-element_type=\"container\">\n\t\t\t\t\t<div class=\"e-con-inner\">\n\t\t\t\t<div class=\"elementor-element elementor-element-a673d29 elementor-widget-divider--view-line elementor-widget elementor-widget-divider\" data-id=\"a673d29\" data-element_type=\"widget\" data-widget_type=\"divider.default\">\n\t\t\t\t<div class=\"elementor-widget-container\">\n\t\t\t\t\t\t\t<div class=\"elementor-divider\">\n\t\t\t<span class=\"elementor-divider-separator\">\n\t\t\t\t\t\t<\/span>\n\t\t<\/div>\n\t\t\t\t\t\t<\/div>\n\t\t\t\t<\/div>\n\t\t\t\t\t<\/div>\n\t\t\t\t<\/div>\n\t\t<div class=\"elementor-element elementor-element-684bbe8 e-flex e-con-boxed e-con e-parent\" data-id=\"684bbe8\" data-element_type=\"container\">\n\t\t\t\t\t<div class=\"e-con-inner\">\n\t\t<div class=\"elementor-element elementor-element-6b9a8ee e-con-full e-flex e-con e-child\" data-id=\"6b9a8ee\" data-element_type=\"container\">\n\t\t\t\t<div class=\"elementor-element elementor-element-4b66a6a elementor-widget elementor-widget-image\" data-id=\"4b66a6a\" data-element_type=\"widget\" data-widget_type=\"image.default\">\n\t\t\t\t<div class=\"elementor-widget-container\">\n\t\t\t\t\t\t\t\t\t\t\t\t\t\t\t<img fetchpriority=\"high\" decoding=\"async\" width=\"1024\" height=\"569\" src=\"https:\/\/apsoluti.com.co\/contents\/wp-content\/uploads\/2025\/03\/coaches_tpm-1024x569.jpg\" class=\"attachment-large size-large wp-image-769\" alt=\"\" srcset=\"https:\/\/apsoluti.com.co\/contents\/wp-content\/uploads\/2025\/03\/coaches_tpm-1024x569.jpg 1024w, https:\/\/apsoluti.com.co\/contents\/wp-content\/uploads\/2025\/03\/coaches_tpm-300x167.jpg 300w, https:\/\/apsoluti.com.co\/contents\/wp-content\/uploads\/2025\/03\/coaches_tpm-768x426.jpg 768w, https:\/\/apsoluti.com.co\/contents\/wp-content\/uploads\/2025\/03\/coaches_tpm-1536x853.jpg 1536w, https:\/\/apsoluti.com.co\/contents\/wp-content\/uploads\/2025\/03\/coaches_tpm.jpg 2024w\" sizes=\"(max-width: 1024px) 100vw, 1024px\" \/>\t\t\t\t\t\t\t\t\t\t\t\t\t\t\t<\/div>\n\t\t\t\t<\/div>\n\t\t\t\t<\/div>\n\t\t<div class=\"elementor-element elementor-element-24c2b74 e-con-full e-flex e-con e-child\" data-id=\"24c2b74\" data-element_type=\"container\">\n\t\t\t\t<div class=\"elementor-element elementor-element-d4ad165 elementor-widget elementor-widget-text-editor\" data-id=\"d4ad165\" data-element_type=\"widget\" data-widget_type=\"text-editor.default\">\n\t\t\t\t<div class=\"elementor-widget-container\">\n\t\t\t\t\t\t\t\t\tEl \u00e9xito empresarial comienza con la calidad. Implementar CWQC\/TQC no solo mejora los procesos, sino que transforma la cultura de trabajo y eleva el prestigio de la empresa en el mercado. No dejes que los problemas de calidad limiten el crecimiento de tu organizaci\u00f3n. <br><br>Cont\u00e1ctanos hoy mismo y da el primer paso hacia la excelencia operativa.\t\t\t\t\t\t\t\t<\/div>\n\t\t\t\t<\/div>\n\t\t\t\t<\/div>\n\t\t\t\t\t<\/div>\n\t\t\t\t<\/div>\n\t\t<div class=\"elementor-element elementor-element-78a0f75 e-flex e-con-boxed e-con e-parent\" data-id=\"78a0f75\" data-element_type=\"container\">\n\t\t\t\t\t<div class=\"e-con-inner\">\n\t\t<div class=\"elementor-element elementor-element-af18fad e-con-full e-flex e-con e-child\" data-id=\"af18fad\" data-element_type=\"container\">\n\t\t\t\t<\/div>\n\t\t<div class=\"elementor-element elementor-element-4d04f13 e-con-full e-flex e-con e-child\" data-id=\"4d04f13\" data-element_type=\"container\">\n\t\t\t\t<div class=\"elementor-element elementor-element-be01c01 elementor-widget elementor-widget-heading\" data-id=\"be01c01\" data-element_type=\"widget\" data-widget_type=\"heading.default\">\n\t\t\t\t<div class=\"elementor-widget-container\">\n\t\t\t\t\t<h2 class=\"elementor-heading-title elementor-size-default\">Instructores de primer nivel internacional formados en la escuela japonesa CWQC <\/h2>\t\t\t\t<\/div>\n\t\t\t\t<\/div>\n\t\t\t\t<div class=\"elementor-element elementor-element-483e682 elementor-widget elementor-widget-text-editor\" data-id=\"483e682\" data-element_type=\"widget\" data-widget_type=\"text-editor.default\">\n\t\t\t\t<div class=\"elementor-widget-container\">\n\t\t\t\t\t\t\t\t\t<p>Estos programas son impartidos por reconocidos y veteranos expertos formados en la escuela japonesa de mejora de la calidad: Los hermanos H\u00e9ctor Ren\u00e9 \u00c1lvarez y Humberto \u00c1lvarez Laverde.<\/p><p>Ren\u00e9 tiene un t\u00edtulo de Doctor (Ph.D) en ciencia de datos aplicada a la industria, maestr\u00eda en gesti\u00f3n de producci\u00f3n y otra en estad\u00edstica; es licenciado en matem\u00e1ticas. Ren\u00e9 recibi\u00f3 entrenamiento en Ingenier\u00eda Avanzada de Calidad con la JUSE en Tokio y realiz\u00f3 trabajos pr\u00e1cticos en la empresa Fuji &#8211; Xerox de Jap\u00f3n. Ha colaborado con empresas reconocidas internacionalmente realizando estudios avanzados en proyectos de mejora de la calidad.<\/p><p>Humberto es ingeniero mec\u00e1nico, MBA por el IESE Business y formado en Direcci\u00f3n Industrial en la Universidad de Tokio. Fue alumno de reconocidos expertos como el Dr. Kaoru Ishikawa quien dirigi\u00f3 su trabajo de grado, Dr. Noriaki Kano mentor en temas de calidad, Profesores Mizuno, Tsuda, Takahashi, Fukuda y otros. Adem\u00e1s se form\u00f3 en procesos de mejora y calidad estrat\u00e9gica con los Drs. Joseph Juran, Armand Feigenbaum y Glen Mazur.\u00a0<\/p>\t\t\t\t\t\t\t\t<\/div>\n\t\t\t\t<\/div>\n\t\t\t\t<\/div>\n\t\t<div class=\"elementor-element elementor-element-2caba39 e-con-full e-flex e-con e-child\" data-id=\"2caba39\" data-element_type=\"container\">\n\t\t\t\t<\/div>\n\t\t\t\t\t<\/div>\n\t\t\t\t<\/div>\n\t\t<div class=\"elementor-element elementor-element-a7f2ee4 e-flex e-con-boxed e-con e-parent\" data-id=\"a7f2ee4\" data-element_type=\"container\">\n\t\t\t\t\t<div class=\"e-con-inner\">\n\t\t<div class=\"elementor-element elementor-element-ba3eb4d e-con-full e-flex e-con e-child\" data-id=\"ba3eb4d\" data-element_type=\"container\">\n\t\t\t\t<\/div>\n\t\t<div class=\"elementor-element elementor-element-20f84a7 e-con-full e-flex e-con e-child\" data-id=\"20f84a7\" data-element_type=\"container\">\n\t\t\t\t<\/div>\n\t\t<div class=\"elementor-element elementor-element-944e1a1 e-con-full e-flex e-con e-child\" data-id=\"944e1a1\" data-element_type=\"container\">\n\t\t\t\t<\/div>\n\t\t\t\t\t<\/div>\n\t\t\t\t<\/div>\n\t\t<div class=\"elementor-element elementor-element-cbfb38f e-flex e-con-boxed e-con e-parent\" data-id=\"cbfb38f\" data-element_type=\"container\">\n\t\t\t\t\t<div class=\"e-con-inner\">\n\t\t\t\t<div class=\"elementor-element elementor-element-9c654d9 elementor-widget-divider--view-line elementor-widget elementor-widget-divider\" data-id=\"9c654d9\" data-element_type=\"widget\" data-widget_type=\"divider.default\">\n\t\t\t\t<div class=\"elementor-widget-container\">\n\t\t\t\t\t\t\t<div class=\"elementor-divider\">\n\t\t\t<span class=\"elementor-divider-separator\">\n\t\t\t\t\t\t<\/span>\n\t\t<\/div>\n\t\t\t\t\t\t<\/div>\n\t\t\t\t<\/div>\n\t\t\t\t\t<\/div>\n\t\t\t\t<\/div>\n\t\t\t\t<\/div>\n\t\t","protected":false},"excerpt":{"rendered":"<p>Optimiza la calidad con CWQC\/TQC M\u00e9todos de la escuela japonesa para la gesti\u00f3n de calidad En un mundo altamente competitivo, [&hellip;]<\/p>\n","protected":false},"author":1,"featured_media":0,"parent":0,"menu_order":0,"comment_status":"closed","ping_status":"closed","template":"","meta":{"site-sidebar-layout":"no-sidebar","site-content-layout":"","ast-site-content-layout":"full-width-container","site-content-style":"default","site-sidebar-style":"default","ast-global-header-display":"","ast-banner-title-visibility":"","ast-main-header-display":"","ast-hfb-above-header-display":"","ast-hfb-below-header-display":"","ast-hfb-mobile-header-display":"","site-post-title":"disabled","ast-breadcrumbs-content":"","ast-featured-img":"disabled","footer-sml-layout":"","theme-transparent-header-meta":"default","adv-header-id-meta":"","stick-header-meta":"","header-above-stick-meta":"","header-main-stick-meta":"","header-below-stick-meta":"","astra-migrate-meta-layouts":"set","ast-page-background-enabled":"default","ast-page-background-meta":{"desktop":{"background-color":"var(--ast-global-color-5)","background-image":"","background-repeat":"repeat","background-position":"center center","background-size":"auto","background-attachment":"scroll","background-type":"","background-media":"","overlay-type":"","overlay-color":"","overlay-opacity":"","overlay-gradient":""},"tablet":{"background-color":"","background-image":"","background-repeat":"repeat","background-position":"center center","background-size":"auto","background-attachment":"scroll","background-type":"","background-media":"","overlay-type":"","overlay-color":"","overlay-opacity":"","overlay-gradient":""},"mobile":{"background-color":"","background-image":"","background-repeat":"repeat","background-position":"center center","background-size":"auto","background-attachment":"scroll","background-type":"","background-media":"","overlay-type":"","overlay-color":"","overlay-opacity":"","overlay-gradient":""}},"ast-content-background-meta":{"desktop":{"background-color":"var(--ast-global-color-4)","background-image":"","background-repeat":"repeat","background-position":"center center","background-size":"auto","background-attachment":"scroll","background-type":"","background-media":"","overlay-type":"","overlay-color":"","overlay-opacity":"","overlay-gradient":""},"tablet":{"background-color":"var(--ast-global-color-4)","background-image":"","background-repeat":"repeat","background-position":"center center","background-size":"auto","background-attachment":"scroll","background-type":"","background-media":"","overlay-type":"","overlay-color":"","overlay-opacity":"","overlay-gradient":""},"mobile":{"background-color":"var(--ast-global-color-4)","background-image":"","background-repeat":"repeat","background-position":"center center","background-size":"auto","background-attachment":"scroll","background-type":"","background-media":"","overlay-type":"","overlay-color":"","overlay-opacity":"","overlay-gradient":""}},"footnotes":""},"class_list":["post-747","page","type-page","status-publish","hentry"],"_links":{"self":[{"href":"https:\/\/apsoluti.com.co\/contents\/wp-json\/wp\/v2\/pages\/747","targetHints":{"allow":["GET"]}}],"collection":[{"href":"https:\/\/apsoluti.com.co\/contents\/wp-json\/wp\/v2\/pages"}],"about":[{"href":"https:\/\/apsoluti.com.co\/contents\/wp-json\/wp\/v2\/types\/page"}],"author":[{"embeddable":true,"href":"https:\/\/apsoluti.com.co\/contents\/wp-json\/wp\/v2\/users\/1"}],"replies":[{"embeddable":true,"href":"https:\/\/apsoluti.com.co\/contents\/wp-json\/wp\/v2\/comments?post=747"}],"version-history":[{"count":52,"href":"https:\/\/apsoluti.com.co\/contents\/wp-json\/wp\/v2\/pages\/747\/revisions"}],"predecessor-version":[{"id":803,"href":"https:\/\/apsoluti.com.co\/contents\/wp-json\/wp\/v2\/pages\/747\/revisions\/803"}],"wp:attachment":[{"href":"https:\/\/apsoluti.com.co\/contents\/wp-json\/wp\/v2\/media?parent=747"}],"curies":[{"name":"wp","href":"https:\/\/api.w.org\/{rel}","templated":true}]}}