{"id":1837,"date":"2025-09-19T13:11:26","date_gmt":"2025-09-19T13:11:26","guid":{"rendered":"https:\/\/apsoluti.com.co\/contents\/?page_id=1837"},"modified":"2025-09-19T13:24:43","modified_gmt":"2025-09-19T13:24:43","slug":"elementor-1837","status":"publish","type":"page","link":"https:\/\/apsoluti.com.co\/contents\/elementor-1837\/","title":{"rendered":"Elementor #1837"},"content":{"rendered":"\t\t<div data-elementor-type=\"wp-page\" data-elementor-id=\"1837\" class=\"elementor elementor-1837\">\n\t\t\t\t<div class=\"elementor-element elementor-element-02de10c e-flex e-con-boxed e-con e-parent\" data-id=\"02de10c\" data-element_type=\"container\" data-settings=\"{&quot;background_background&quot;:&quot;classic&quot;}\">\n\t\t\t\t\t<div class=\"e-con-inner\">\n\t\t<div class=\"elementor-element elementor-element-fbd1dc9 e-con-full e-flex e-con e-child\" data-id=\"fbd1dc9\" data-element_type=\"container\">\n\t\t\t\t<\/div>\n\t\t<div class=\"elementor-element elementor-element-524fa55 e-con-full e-flex e-con e-child\" data-id=\"524fa55\" data-element_type=\"container\">\n\t\t\t\t<div class=\"elementor-element elementor-element-17616e6 elementor-widget elementor-widget-image\" data-id=\"17616e6\" data-element_type=\"widget\" data-widget_type=\"image.default\">\n\t\t\t\t<div class=\"elementor-widget-container\">\n\t\t\t\t\t\t\t\t\t\t\t\t\t\t\t<img fetchpriority=\"high\" decoding=\"async\" width=\"1024\" height=\"768\" src=\"https:\/\/apsoluti.com.co\/contents\/wp-content\/uploads\/2025\/07\/iese1-1024x768.jpg\" class=\"attachment-large size-large wp-image-979\" alt=\"\" srcset=\"https:\/\/apsoluti.com.co\/contents\/wp-content\/uploads\/2025\/07\/iese1-1024x768.jpg 1024w, https:\/\/apsoluti.com.co\/contents\/wp-content\/uploads\/2025\/07\/iese1-300x225.jpg 300w, https:\/\/apsoluti.com.co\/contents\/wp-content\/uploads\/2025\/07\/iese1-768x576.jpg 768w, https:\/\/apsoluti.com.co\/contents\/wp-content\/uploads\/2025\/07\/iese1-1536x1152.jpg 1536w, https:\/\/apsoluti.com.co\/contents\/wp-content\/uploads\/2025\/07\/iese1.jpg 1600w\" sizes=\"(max-width: 1024px) 100vw, 1024px\" \/>\t\t\t\t\t\t\t\t\t\t\t\t\t\t\t<\/div>\n\t\t\t\t<\/div>\n\t\t\t\t<\/div>\n\t\t<div class=\"elementor-element elementor-element-7c9aefa e-con-full e-flex e-con e-child\" data-id=\"7c9aefa\" data-element_type=\"container\">\n\t\t\t\t<\/div>\n\t\t<div class=\"elementor-element elementor-element-b011f53 e-con-full e-flex e-con e-child\" data-id=\"b011f53\" data-element_type=\"container\">\n\t\t\t\t<div class=\"elementor-element elementor-element-ba71286 elementor-widget elementor-widget-heading\" data-id=\"ba71286\" data-element_type=\"widget\" data-widget_type=\"heading.default\">\n\t\t\t\t<div class=\"elementor-widget-container\">\n\t\t\t\t\t<h2 class=\"elementor-heading-title elementor-size-default\">Liderazgo para la Excelencia Operacional<\/h2>\t\t\t\t<\/div>\n\t\t\t\t<\/div>\n\t\t\t\t<div class=\"elementor-element elementor-element-2368576 elementor-widget elementor-widget-text-editor\" data-id=\"2368576\" data-element_type=\"widget\" data-widget_type=\"text-editor.default\">\n\t\t\t\t<div class=\"elementor-widget-container\">\n\t\t\t\t\t\t\t\t\t<p data-start=\"2913\" data-end=\"3071\">Transf\u00f3rmate en un l\u00edder generativo que potencia equipos, impulsa resultados y eleva los est\u00e1ndares operativos.<\/p>\t\t\t\t\t\t\t\t<\/div>\n\t\t\t\t<\/div>\n\t\t\t\t<\/div>\n\t\t\t\t\t<\/div>\n\t\t\t\t<\/div>\n\t\t<div class=\"elementor-element elementor-element-9d39bd9 e-flex e-con-boxed e-con e-parent\" data-id=\"9d39bd9\" data-element_type=\"container\">\n\t\t\t\t\t<div class=\"e-con-inner\">\n\t\t<div class=\"elementor-element elementor-element-7685bae e-con-full e-flex e-con e-child\" data-id=\"7685bae\" data-element_type=\"container\">\n\t\t\t\t<\/div>\n\t\t<div class=\"elementor-element elementor-element-897034c e-con-full e-flex e-con e-child\" data-id=\"897034c\" data-element_type=\"container\">\n\t\t\t\t<div class=\"elementor-element elementor-element-182ad30 elementor-widget elementor-widget-text-editor\" data-id=\"182ad30\" data-element_type=\"widget\" data-widget_type=\"text-editor.default\">\n\t\t\t\t<div class=\"elementor-widget-container\">\n\t\t\t\t\t\t\t\t\t<p data-start=\"3093\" data-end=\"3184\">Un programa dise\u00f1ado por Yolanda Acosta coach senior acreditada nivel MCC por The International Coaching Federation para l\u00edderes industriales y operativos que quieren:<\/p><ul data-start=\"3186\" data-end=\"3394\"><li data-start=\"3186\" data-end=\"3262\"><p data-start=\"3188\" data-end=\"3262\">Reforzar competencias humanas clave (comunicaci\u00f3n, presencia, compromiso).<\/p><\/li><li data-start=\"3263\" data-end=\"3327\"><p data-start=\"3265\" data-end=\"3327\">Elevar la eficiencia, calidad y coherencia en sus operaciones.<\/p><\/li><li data-start=\"3328\" data-end=\"3394\"><p data-start=\"3330\" data-end=\"3394\">Lograr resultados sostenibles a trav\u00e9s del liderazgo consciente.<\/p><\/li><\/ul>\t\t\t\t\t\t\t\t<\/div>\n\t\t\t\t<\/div>\n\t\t\t\t<div class=\"elementor-element elementor-element-37888ec elementor-widget elementor-widget-heading\" data-id=\"37888ec\" data-element_type=\"widget\" data-widget_type=\"heading.default\">\n\t\t\t\t<div class=\"elementor-widget-container\">\n\t\t\t\t\t<h2 class=\"elementor-heading-title elementor-size-default\">\u00bfTe suena esto?<\/h2>\t\t\t\t<\/div>\n\t\t\t\t<\/div>\n\t\t\t\t<div class=\"elementor-element elementor-element-859f3d5 elementor-widget elementor-widget-text-editor\" data-id=\"859f3d5\" data-element_type=\"widget\" data-widget_type=\"text-editor.default\">\n\t\t\t\t<div class=\"elementor-widget-container\">\n\t\t\t\t\t\t\t\t\t<ul data-start=\"3454\" data-end=\"3869\"><li data-start=\"3454\" data-end=\"3555\"><p data-start=\"3456\" data-end=\"3555\">Los equipos operativos no cumplen los objetivos porque hay desconexi\u00f3n entre l\u00edderes y operarios.<\/p><\/li><li data-start=\"3556\" data-end=\"3641\"><p data-start=\"3558\" data-end=\"3641\">Hay rutinas de \u201cmandar y controlar\u201d que generan resistencia, errores y retrabajo.<\/p><\/li><li data-start=\"3642\" data-end=\"3743\"><p data-start=\"3644\" data-end=\"3743\">Procesos clave no funcionan bien: p\u00e9rdidas, errores frecuentes, calidad baja, plazos incumplidos.<\/p><\/li><li data-start=\"3744\" data-end=\"3869\"><p data-start=\"3746\" data-end=\"3869\">Los l\u00edderes est\u00e1n demasiado sobrecargados, sienten que no inspiran, que no logran que sus equipos entreguen lo prometido.<\/p><\/li><\/ul>\t\t\t\t\t\t\t\t<\/div>\n\t\t\t\t<\/div>\n\t\t\t\t<div class=\"elementor-element elementor-element-76524a6 elementor-widget elementor-widget-heading\" data-id=\"76524a6\" data-element_type=\"widget\" data-widget_type=\"heading.default\">\n\t\t\t\t<div class=\"elementor-widget-container\">\n\t\t\t\t\t<h2 class=\"elementor-heading-title elementor-size-default\">Propuesta de valor<\/h2>\t\t\t\t<\/div>\n\t\t\t\t<\/div>\n\t\t\t\t<div class=\"elementor-element elementor-element-583ccae elementor-widget elementor-widget-text-editor\" data-id=\"583ccae\" data-element_type=\"widget\" data-widget_type=\"text-editor.default\">\n\t\t\t\t<div class=\"elementor-widget-container\">\n\t\t\t\t\t\t\t\t\t<p data-start=\"3911\" data-end=\"3996\">Este programa \u201cLiderazgo para la Excelencia Operacional\u201d te brinda los siguientes beneficios:<\/p><ul data-start=\"3998\" data-end=\"4552\"><li data-start=\"3998\" data-end=\"4099\"><p data-start=\"4000\" data-end=\"4099\">Desarrollo de liderazgo generativo: estar presente, hablar con claridad, conectar emocionalmente.<\/p><\/li><li data-start=\"4100\" data-end=\"4221\"><p data-start=\"4102\" data-end=\"4221\">Herramientas para transformar la cultura de mando-control hacia una cultura colaborativa, construida sobre la confianza y compromiso, transformando la gesti\u00f3n de las tareas en una nueva y poderosa centrada en compromisos.<\/p><\/li><li data-start=\"4222\" data-end=\"4327\"><p data-start=\"4224\" data-end=\"4327\">Habilidades de comunicaci\u00f3n efectiva, para alinear equipos, gestionar conflictos, generar compromiso.<\/p><\/li><li data-start=\"4328\" data-end=\"4441\"><p data-start=\"4330\" data-end=\"4441\">Mejora de procesos operativos: visibilidad, seguimiento, reducci\u00f3n de interrupciones, indicadores operativos.<\/p><\/li><li data-start=\"4442\" data-end=\"4552\"><p data-start=\"4444\" data-end=\"4552\">Acompa\u00f1amiento pr\u00e1ctico: ejercicios, mentor\u00edas, seguimiento, implementaci\u00f3n real en tu contexto operativo.<\/p><\/li><\/ul>\t\t\t\t\t\t\t\t<\/div>\n\t\t\t\t<\/div>\n\t\t\t\t<div class=\"elementor-element elementor-element-2ebfd80 elementor-widget elementor-widget-heading\" data-id=\"2ebfd80\" data-element_type=\"widget\" data-widget_type=\"heading.default\">\n\t\t\t\t<div class=\"elementor-widget-container\">\n\t\t\t\t\t<h2 class=\"elementor-heading-title elementor-size-default\">Estructura del programa<\/h2>\t\t\t\t<\/div>\n\t\t\t\t<\/div>\n\t\t\t\t<div class=\"elementor-element elementor-element-d44f9f3 elementor-widget elementor-widget-text-editor\" data-id=\"d44f9f3\" data-element_type=\"widget\" data-widget_type=\"text-editor.default\">\n\t\t\t\t<div class=\"elementor-widget-container\">\n\t\t\t\t\t\t\t\t\t<p>Este programa se desarrolla en cinco m\u00f3dulos, en los que Yolanda desarrolla en forma experiencial empleando sesiones de coaching de equipo, coaching individual, sesiones observadas del l\u00edder y su equipo para brindar feedback positivo. No es un programa sustentado en conferencias motivacionales. Es un trabajo pr\u00e1ctico de desarrollo de competencias fundamentado en el acompa\u00f1amiento personal de la coach.<\/p>\t\t\t\t\t\t\t\t<\/div>\n\t\t\t\t<\/div>\n\t\t\t\t<div class=\"elementor-element elementor-element-9718b40 elementor-widget elementor-widget-text-editor\" data-id=\"9718b40\" data-element_type=\"widget\" data-widget_type=\"text-editor.default\">\n\t\t\t\t<div class=\"elementor-widget-container\">\n\t\t\t\t\t\t\t\t\t<ul data-start=\"5033\" data-end=\"5341\"><li data-start=\"5033\" data-end=\"5086\"><p data-start=\"5035\" data-end=\"5086\">M\u00f3dulo 1: Autoconocimiento y presencia del l\u00edder.<\/p><\/li><li data-start=\"5087\" data-end=\"5149\"><p data-start=\"5089\" data-end=\"5149\">M\u00f3dulo 2: Comunicaci\u00f3n asertiva y conversaci\u00f3n generativa.<\/p><\/li><li data-start=\"5150\" data-end=\"5206\"><p data-start=\"5152\" data-end=\"5206\">M\u00f3dulo 3: Liderazgo y gesti\u00f3n de equipos operativos.<\/p><\/li><li data-start=\"5207\" data-end=\"5278\"><p data-start=\"5209\" data-end=\"5278\">M\u00f3dulo 4: Mejora de procesos, indicadores y excelencia operacional.<\/p><\/li><li data-start=\"5279\" data-end=\"5341\"><p data-start=\"5281\" data-end=\"5341\">M\u00f3dulo 5: Implementaci\u00f3n pr\u00e1ctica, mentor\u00eda y seguimiento.<\/p><\/li><\/ul>\t\t\t\t\t\t\t\t<\/div>\n\t\t\t\t<\/div>\n\t\t\t\t<\/div>\n\t\t<div class=\"elementor-element elementor-element-aebf80a e-con-full e-flex e-con e-child\" data-id=\"aebf80a\" data-element_type=\"container\">\n\t\t\t\t<\/div>\n\t\t\t\t\t<\/div>\n\t\t\t\t<\/div>\n\t\t\t\t<\/div>\n\t\t","protected":false},"excerpt":{"rendered":"<p>Liderazgo para la Excelencia Operacional Transf\u00f3rmate en un l\u00edder generativo que potencia equipos, impulsa resultados y eleva los est\u00e1ndares operativos. [&hellip;]<\/p>\n","protected":false},"author":1,"featured_media":0,"parent":0,"menu_order":0,"comment_status":"closed","ping_status":"closed","template":"","meta":{"site-sidebar-layout":"no-sidebar","site-content-layout":"","ast-site-content-layout":"full-width-container","site-content-style":"default","site-sidebar-style":"default","ast-global-header-display":"","ast-banner-title-visibility":"","ast-main-header-display":"","ast-hfb-above-header-display":"","ast-hfb-below-header-display":"","ast-hfb-mobile-header-display":"","site-post-title":"disabled","ast-breadcrumbs-content":"","ast-featured-img":"disabled","footer-sml-layout":"","theme-transparent-header-meta":"","adv-header-id-meta":"","stick-header-meta":"","header-above-stick-meta":"","header-main-stick-meta":"","header-below-stick-meta":"","astra-migrate-meta-layouts":"default","ast-page-background-enabled":"default","ast-page-background-meta":{"desktop":{"background-color":"var(--ast-global-color-5)","background-image":"","background-repeat":"repeat","background-position":"center center","background-size":"auto","background-attachment":"scroll","background-type":"","background-media":"","overlay-type":"","overlay-color":"","overlay-opacity":"","overlay-gradient":""},"tablet":{"background-color":"","background-image":"","background-repeat":"repeat","background-position":"center center","background-size":"auto","background-attachment":"scroll","background-type":"","background-media":"","overlay-type":"","overlay-color":"","overlay-opacity":"","overlay-gradient":""},"mobile":{"background-color":"","background-image":"","background-repeat":"repeat","background-position":"center center","background-size":"auto","background-attachment":"scroll","background-type":"","background-media":"","overlay-type":"","overlay-color":"","overlay-opacity":"","overlay-gradient":""}},"ast-content-background-meta":{"desktop":{"background-color":"var(--ast-global-color-4)","background-image":"","background-repeat":"repeat","background-position":"center center","background-size":"auto","background-attachment":"scroll","background-type":"","background-media":"","overlay-type":"","overlay-color":"","overlay-opacity":"","overlay-gradient":""},"tablet":{"background-color":"var(--ast-global-color-4)","background-image":"","background-repeat":"repeat","background-position":"center center","background-size":"auto","background-attachment":"scroll","background-type":"","background-media":"","overlay-type":"","overlay-color":"","overlay-opacity":"","overlay-gradient":""},"mobile":{"background-color":"var(--ast-global-color-4)","background-image":"","background-repeat":"repeat","background-position":"center center","background-size":"auto","background-attachment":"scroll","background-type":"","background-media":"","overlay-type":"","overlay-color":"","overlay-opacity":"","overlay-gradient":""}},"footnotes":""},"class_list":["post-1837","page","type-page","status-publish","hentry"],"_links":{"self":[{"href":"https:\/\/apsoluti.com.co\/contents\/wp-json\/wp\/v2\/pages\/1837","targetHints":{"allow":["GET"]}}],"collection":[{"href":"https:\/\/apsoluti.com.co\/contents\/wp-json\/wp\/v2\/pages"}],"about":[{"href":"https:\/\/apsoluti.com.co\/contents\/wp-json\/wp\/v2\/types\/page"}],"author":[{"embeddable":true,"href":"https:\/\/apsoluti.com.co\/contents\/wp-json\/wp\/v2\/users\/1"}],"replies":[{"embeddable":true,"href":"https:\/\/apsoluti.com.co\/contents\/wp-json\/wp\/v2\/comments?post=1837"}],"version-history":[{"count":18,"href":"https:\/\/apsoluti.com.co\/contents\/wp-json\/wp\/v2\/pages\/1837\/revisions"}],"predecessor-version":[{"id":1855,"href":"https:\/\/apsoluti.com.co\/contents\/wp-json\/wp\/v2\/pages\/1837\/revisions\/1855"}],"wp:attachment":[{"href":"https:\/\/apsoluti.com.co\/contents\/wp-json\/wp\/v2\/media?parent=1837"}],"curies":[{"name":"wp","href":"https:\/\/api.w.org\/{rel}","templated":true}]}}